. Let d(h) = 5*h**2 - 5*h - 20. Let j(s) = x*g(s) + 4*d(s). Give j(2).
-7
Let v(c) = -2*c + 3. Suppose -5*i = 4*a, 3*a - i - i = 0. Calculate v(a).
3
Suppose 0 = -i - 3*f - 15, 5*i - 4 = -5*f - 29. Let d = i + 0. Let u(o) = -o**3 - o**2 + 8. Calculate u(d).
8
Let b(l) = 6*l + 1. Let j(c) = 5*c + 1. Let r(k) = -4*b(k) + 5*j(k). Give r(-4).
-3
Let f(y) = -5*y - 19. Let w(z) = -2*z - 9. Let j(h) = 3*f(h) - 7*w(h). What is j(5)?
1
Let p(c) = -c**3 + 4*c**2 - 4*c + 2. Let s(u) = 2*u**3 + 2*u**2 - 2*u. Let b be s(-2). Let v = -2 - b. Determine p(v).
2
Let a(n) = -n**3 + n**2 - 2*n + 3. Let p be 3 - (-4 + 0)/(-4). Calculate a(p).
-5
Let q(k) = k**2 - 9. Let y = -4 + 11. Let i = -7 + y. What is q(i)?
-9
Let d(w) be the second derivative of 2*w**3/3 + w**2/2 - 5*w. Suppose -m - 3 = -2. Let x be d(m). Let q(u) = -u. What is q(x)?
3
Let j(n) = n**3 + 3*n**2 + 4*n + 3. Let s be j(-2). Let k(m) be the first derivative of -m**3/3 - m**2/2 - 5. Calculate k(s).
0
Let k(g) be the first derivative of -4*g**3/3 - g - 1. Suppose 4*d - 9*d - 17 = -3*h, -5*h = 4*d - 16. Give k(d).
-5
Let g(p) = -4 - p**3 - 1 + 7 + p. Calculate g(-2).
8
Let x(w) = 5*w**3 + 2*w**2 + w - 9. Let m(v) = 4*v**3 + 3*v**2 - 9. Suppose 0 = 2*u - 8. Let i(c) = u*m(c) - 3*x(c). Calculate i(-6).
9
Let b(u) = -u + 7. Let i be b(8). Let k(r) = 2*r**2 - 3*r**2 + r + 8*r**3 + 1 + 0*r + 0*r**2. Calculate k(i).
-9
Let f(g) = 4 + 17*g - 3 - 15*g. Suppose 2*i = 7*i - 15. Calculate f(i).
7
Let u(x) = -6*x + 13. Let h(c) = -5*c + 12. Let k(q) = -5*h(q) + 4*u(q). Let j be k(9). Let o = -2 + j. Let l(g) = -g - 1. Determine l(o).
0
Let z(p) be the third derivative of -p**6/120 - 2*p**5/15 - p**4/4 + 5*p**3/6 + 8*p**2. Calculate z(-7).
-2
Let y(u) be the first derivative of u**2 - 5 - 1/3*u**3 + 3*u. What is y(5)?
-12
Let h(f) be the third derivative of f**4/24 - f**3/6 + f**2 - 22. Give h(0).
-1
Let f(m) be the second derivative of -m**4/6 - 7*m**3/6 - 3*m**2/2 - 2*m. Let d(w) = 1 - w - 1 + 1 - w**2. Let j(k) = -3*d(k) + f(k). Determine j(5).
-1
Let t(r) = 3*r**2 + 8*r + 5. Let d(p) = -p**2. Let g(x) = 2*d(x) + t(x). Give g(-5).
-10
Let v(r) = r + 1. Let u(b) = 2*b + 1. Suppose 3*c = -3, -3*c = -2*s - c + 8. Let i be u(s). Let f = i + -4. Give v(f).
4
Let d(f) = -f**3 + 4*f**2 + 3*f - 5. Suppose 0 = -7*u + 3*u + 20. Determine d(u).
-15
Let f be ((-1)/3)/((-2)/12). Suppose 3*y - 3*z = 18, -22 = 3*y + 7*z - f*z. Let i(g) = y - 10*g**3 + 9*g**3 - 4*g + 2*g - 3*g**2. Give i(-2).
1
Let u(p) = p**3 - 2*p**2 + 2*p + 1. Let q(h) = 3*h**3 - 4*h**2 + 4*h + 3. Let g be (1 - (-1 - 2))/(-2). Let z(l) = g*q(l) + 5*u(l). Calculate z(1).
-2
Let q(f) = -7 + 3*f**2 - 5*f - f**2 + 2*f**2 + f**3. Suppose x - 3*x = -10, -p - 2*x = -5. Give q(p).
-7
Let p(w) = 4*w**2 + 3*w + 1. Let x(f) = 5*f**2 + 3*f + 2. Let h(j) = 6*p(j) - 5*x(j). What is h(3)?
-4
Let c = 7 + 1. Let k(z) = -z**3 - z - 4 + 7*z**2 + 10*z - 5. Let r be k(c). Let y(x) = -2*x + 1. Determine y(r).
3
Suppose 4*g - 88 = -7*g. Let y(w) = w - 9. Determine y(g).
-1
Suppose 0 = -q + 4*q. Let k(m) be the second derivative of -2*m + q - m**2 + 1/6*m**3. Give k(3).
1
Let o(x) = -7*x**2 + 6*x - 13. Let s(c) = 3*c**2 - 3*c + 6. Let k(v) = 2*o(v) + 5*s(v). What is k(2)?
2
Suppose 12 = 2*y + 2. Let j be y*(32/(-10))/(-2). Let q = j - 6. Let x(u) = -u**3 + u**2 + 2*u. Calculate x(q).
0
Let g(y) = -y**2 - 4*y + 3. Let z be (-6)/(-10) - 644/115. Calculate g(z).
-2
Let k(c) = 2*c - 18. Let l be k(9). Let y(m) = l*m + m**2 + m + 22 - m**3 - 20. Give y(-2).
12
Let h(c) = 3*c - 8*c**2 - 5*c - 2 + 5*c**2. Give h(-2).
-10
Let a(p) = p - 5. Let x(h) = 1. Let t(v) = v**2 - 4*v - 7. Let k(q) = -t(q) - 2*x(q). Let z be k(5). Give a(z).
-5
Let l(x) = -x + 9. Let b be -10*(28/(-20) - -1). What is l(b)?
5
Let k be (-1 + 3 + -2)/(-1). Suppose 2*a = -3*x + 5*a - 12, k = 2*x + 2*a + 12. Let f(g) = g**2 + 5*g + 4. Calculate f(x).
4
Let s(l) = l**2 - 7*l - 6. Let v be s(8). Let r(b) = -3*b**3 + b + 3 + 4*b**2 - 10*b + 5*b + v*b**3. Determine r(2).
3
Let k(d) = d**2 - 9*d + 10. Let n be k(8). Let z(x) = -x + 1 - n - 5*x. Calculate z(-1).
5
Let j(w) = w**3 - 10*w**2 + 7*w + 21. Let k be j(9). Let r(c) = -c**2 + c + 2. Determine r(k).
-4
Let r(x) = -6*x**2 + 0*x**2 + 2*x**2 + x**3 - 4. Calculate r(4).
-4
Let w be (3/6)/((-2)/(-20)). Suppose 2*a = -2*z - 4, w*a - 2*a = -z + 2. Let r(c) = c. What is r(a)?
2
Let f(p) be the second derivative of p**5/20 - 7*p**4/12 + p**3/3 - 4*p**2 + 21*p. What is f(7)?
6
Suppose -3 = -0*p - p. Let u(g) = -g + g**2 + g + p*g - 4*g. Give u(2).
2
Let d(b) = -1. Let g(y) = -y + 1. Let i(j) = -2*d(j) - 3*g(j). Determine i(3).
8
Let g(o) = -o**2 + 4*o + 6. Let z be g(6). Let l(x) = -x - 8. Calculate l(z).
-2
Let t(i) = -7*i**3 + i**2 - 2*i + 1. Let n be (-34)/(-6) - 9/(-27). Let c = n - 5. What is t(c)?
-7
Let t(o) = -12 + 5 - o + 14. Give t(4).
3
Let r(v) = v**2 + 10*v + 10. Let x(d) = -d - 1. Suppose -4*s - 5*g + 4*g - 26 = 0, -5*g = -s + 4. Let a(k) = s*x(k) - r(k). Determine a(-4).
-4
Let g = -3 + -1. Let t = -2 - g. Let j(d) = -2*d**3 + 3*d**2 - 3*d + 2. Give j(t).
-8
Let b = 3 - 3. Suppose b = -x - 0*x - 6. Let p(s) = -s**3 - 5*s**2 + 3*s - 6. Determine p(x).
12
Let x(w) = -w + 3. Let r(i) = -2*i + 8. Let q(z) = -4*r(z) + 11*x(z). Calculate q(-3).
10
Let a(g) = -7*g - 3. Let y(m) = 13*m + 6. Let b(o) = 5*a(o) + 3*y(o). Determine b(-2).
-5
Suppose 6*a + 14 = -4. Let s(b) = b**3 + 2*b**2 - 2*b - 1. Give s(a).
-4
Let a(y) be the third derivative of y**6/120 + 2*y**5/15 + y**4/4 - 5*y**3/3 + 4*y**2. Let t(l) = -8*l + 17. Let b be t(3). Give a(b).
-3
Let j(n) = -2*n - 1. Suppose 0 = -w - m - 7, -2*w + 5*m - 6 - 1 = 0. Let k(a) be the second derivative of a**2/2 - a. Let i(z) = w*k(z) + j(z). What is i(-5)?
3
Let d(j) = j**3 - j**2 - j + 18. Let n be d(0). Suppose -4*z + n = 5*o, -2*o + 4*z - 5 = -1. Let t(f) = -f**2 + 2*f - 2. Determine t(o).
-2
Let w(s) = s**3 - 5*s**2 - 5*s - 4. Suppose 8 = 4*d - 4*h, -5*d - 3*h + h = -38. Let q be w(d). Let g be q/8 - (-18)/24. Let o(u) = -3*u - 1. Give o(g).
-4
Let a(d) = d + 1. Let b(w) = -3*w. Let o(m) = 4*a(m) + b(m). What is o(0)?
4
Let k(p) be the first derivative of 9*p**4/4 - p**2 - 7*p + 1. Let d(a) = -a**3 + 1. Let i(q) = -6*d(q) - k(q). Let s(t) = t - 1. Let j be s(0). Determine i(j).
2
Let m(s) = -s**3 + 2*s**2 - s - 1. Let z = -6 + 10. Let i be (-2)/z - 40/(-16). Give m(i).
-3
Let d = -15 - -21. Let a(k) = k**2 - 5*k + 1. What is a(d)?
7
Let s(a) = 6*a**2 + 5*a - 9. Let b(y) = -5*y**2 - 4*y + 8. Let x(k) = -5*b(k) - 4*s(k). Suppose 0 = c - 5*v + 28, -2*v + 20 = 2*v. What is x(c)?
5
Let c(t) = 5*t**2 + 3*t + 14. Let z(o) = -9*o**2 - 5*o - 28. Let w(d) = -7*c(d) - 4*z(d). Suppose 42 = -4*j + 114. Let u = j - 18. Calculate w(u).
14
Let n(v) = -v**2 - 5*v + 5. Let o be n(-6). Let d(a) = -a**3 - a**2 - a + 2. Let s(h) = 6*h**3 + 6*h**2 + 6*h - 11. Let l(x) = 11*d(x) + 2*s(x). What is l(o)?
-1
Let d = 7 + -5. Suppose -2*s - 6 = d. Let o(b) be the third derivative of b**5/60 + b**4/4 + 5*b**3/6 + b**2. Determine o(s).
-3
Let h be ((-72)/45)/((-4)/10). Suppose -h*z - 4 = -b, 6 = 2*z - 5*z. Let q(y) be the third derivative of y**4/12 + y**3 + y**2. Determine q(b).
-2
Suppose -4*d + 1 + 7 = 0. Let v(b) = d*b + 0*b + 2 + b**3 + 6*b**2 - 11*b**2. Give v(5).
12
Let a(q) = -q**2 + 10*q + 1. Let g be 204/20 + (-3)/15. Give a(g).
1
Let s(m) = 11*m**2 - m. Let a be 4 + -5 + (-6)/(-3). What is s(a)?
10
Let w(f) be the first derivative of f**5/20 + f**4/4 - f**3/6 + 2*f**2 + f + 2. Let n(p) be the first derivative of w(p). Suppose 14 - 17 = k. Determine n(k).
7
Let m(h) = -h**2 + 14*h - 13. Let t be m(13). Let j(n) = -3*n + 11. Let l(v) = -4*v + 12. Let b(f) = -3*j(f) + 2*l(f). What is b(t)?
-9
Suppose 2*d - m = 3, 4*d - 5*m = 6 + 15. Let f(w) be the second derivative of 0*w**2 + 4*w + 0 - 1/6*w**3. Determine f(d).
1
Let r(d) = d - 7. Let g(w) = w**2 + 5*w - 1. Let u be g(-5). Let a = u + 7. Determine r(a).
-1
Let s(u) = 4*u + 9. Let v = -1 - 5. Let d(g) = 8*g + 19. Suppose 0 = -6*y + 2*y + 52. Let i(h) = v*d(h) + y*s(h). What is i(-3)?
-9
Let l(u) = 0*u - u + 4*u**2 + 0*u**3 + u**3 + 4. Let n(v) = -v**2 + v - 2. Suppose 3*q = 1 + 5. Let m be n(q). Give l(m).
8
Let w(l) = l**3 - 29*l**2 - l + 31. Let m be w(29). Let q(j) = -j + 2. Determi